 prime?
False
Is 2203 a prime number?
True
Is 42203 prime?
False
Is 69847 a composite number?
False
Is 8923 a composite number?
False
Is 25867 a composite number?
False
Is 1087 a composite number?
False
Is 52157 a composite number?
True
Is 47111 composite?
False
Is 300695 prime?
False
Is 719849 a prime number?
False
Is 81611 prime?
True
Is 18489 a composite number?
True
Is 16837 prime?
False
Is 6289 prime?
False
Is 1009 composite?
False
Is 653197 a prime number?
True
Is 54241 a composite number?
True
Is 2721 a prime number?
False
Is 66322 prime?
False
Is 31769 prime?
True
Is 16847 composite?
True
Is 1670071 a prime number?
False
Is 10279 prime?
False
Is 12301 composite?
False
Is 1638431 prime?
True
Is 521423 composite?
True
Is 25853 composite?
True
Is 1293067 a prime number?
False
Is 210767 composite?
True
Is 587 a composite number?
False
Is 4111 composite?
False
Is 365437 a prime number?
False
Is 12199 a composite number?
True
Is 10357 prime?
True
Is 7669 a prime number?
True
Is 1874 prime?
False
Is 57751 a composite number?
False
Is 7993 a composite number?
False
Is 2437951 a composite number?
False
Is 345791 a prime number?
True
Is 328579 a composite number?
False
Is 13341 composite?
True
Is 50033 prime?
True
Is 155047 a composite number?
False
Is 33265 a composite number?
True
Is 1151 a composite number?
False
Is 400317 composite?
True
Is 37717 a prime number?
True
Is 91229 a prime number?
True
Is 56038 a prime number?
False
Is 739751 a prime number?
True
Is 461207 prime?
True
Is 53681 a prime number?
True
Is 1544357 prime?
True
Is 1985251 composite?
True
Is 1109303 a prime number?
False
Is 41551 a prime number?
False
Is 392381 a composite number?
True
Is 4803 composite?
True
Is 5381 a composite number?
False
Is 9637 composite?
True
Is 787863 a prime number?
False
Is 52406 a composite number?
True
Is 13913 prime?
True
Is 142985 prime?
False
Is 8843 a composite number?
True
Is 13469 a composite number?
False
Is 751169 prime?
False
Is 4421 composite?
False
Is 87383 a composite number?
False
Is 29593 composite?
True
Is 111985 composite?
True
Is 17173 a composite number?
True
Is 303467 prime?
False
Is 96989 a composite number?
False
Is 59201 a composite number?
True
Is 53837 composite?
True
Is 223699 prime?
False
Is 551567 a composite number?
True
Is 213791 prime?
True
Is 12295 composite?
True
Is 893051 composite?
False
Is 14698 a composite number?
True
Is 11213 prime?
True
Is 36265 composite?
True
Is 990635 prime?
False
Is 1066111 prime?
True
Is 9327 a composite number?
True
Is 5042 a prime number?
False
Is 1759 prime?
True
Is 197853 prime?
False
Is 24946 a prime number?
False
Is 674687 composite?
True
Is 45989 a composite number?
False
Is 2569 a composite number?
True
Is 1650263 a composite number?
False
Is 367 composite?
False
Is 7247 composite?
False
Is 5967341 prime?
True
Is 1117 composite?
False
Is 64673 a composite number?
True
Is 18563 composite?
True
Is 2647 composite?
False
Is 690509 prime?
True
Is 12847 prime?
False
Is 22297 a prime number?
False
Is 2659549 composite?
False
Is 1180651 a prime number?
False
Is 141707 a prime number?
True
Is 1478249 composite?
True
Is 149749 prime?
True
Is 154409 prime?
True
Is 2903 a prime number?
True
Is 245155 prime?
False
Is 91621 a prime number?
True
Is 354139 a composite number?
False
Is 16817 prime?
False
Is 49891 a composite number?
False
Is 92357 a prime number?
True
Is 135021 a composite number?
True
Is 18611 composite?
True
Is 8129 a composite number?
True
Is 7186173 composite?
True
Is 1555451 a composite number?
True
Is 831239 composite?
False
Is 3109 a composite number?
False
Is 16869 composite?
True
Is 10781 composite?
False
Is 233267 a prime number?
True
Is 27161 a prime number?
False
Is 5610233 a prime number?
True
Is 24527 composite?
False
Is 5965 a prime number?
False
Is 2196847 prime?
False
Is 11863 prime?
True
Is 20885 prime?
False
Is 4413 a composite number?
True
Is 73819 a prime number?
True
Is 16007 a prime number?
True
Is 3413 prime?
True
Is 11686 composite?
True
Is 243623 composite?
False
Is 17569 a composite number?
False
Is 285251 prime?
True
Is 1796413 composite?
False
Is 441667 a prime number?
True
Is 570763 a prime number?
False
Is 11539 composite?
True
Is 2161 composite?
False
Is 22109 a composite number?
False
Is 18839 a prime number?
True
Is 64937 composite?
False
Is 285937 a prime number?
True
Is 869437 a composite number?
False
Is 166247 prime?
True
Is 290077 a composite number?
True
Is 2833 composite?
False
Is 67927 a composite number?
False
Is 1759 prime?
True
Is 3109 a prime number?
True
Is 86 a prime number?
False
Is 464591 prime?
True
Is 248767 composite?
True
Is 192461 composite?
False
Is 272647 a prime number?
False
Is 30911 a composite number?
False
Is 920641 a prime number?
True
Is 12931 composite?
True
Is 215051 prime?
True
Is 36878 composite?
True
Is 56051 a composite number?
True
Is 63343 a prime number?
False
Is 99289 a composite number?
False
Is 257099 prime?
True
Is 479 a composite number?
False
Is 32659 a composite number?
True
Is 7081 composite?
True
Is 167209 prime?
False
Is 19595 composite?
True
Is 763699 prime?
True
Is 953 composite?
False
Is 91651 prime?
False
Is 53993 composite?
False
Is 29447 a composite number?
True
Is 1940251 a composite number?
True
Is 673583 a composite number?
True
Is 626377 prime?
True
Is 45751 composite?
False
Is 35251 composite?
False
Is 225233 composite?
True
Is 11099 a composite number?
True
Is 4007 a prime number?
True
Is 10495 a composite number?
True
Is 4249 prime?
False
Is 1318 composite?
True
Is 945143 a prime number?
True
Is 242021 a composite number?
True
Is 6481 prime?
True
Is 27833 composite?
True
Is 256937 a prime number?
False
Is 30857 composite?
True
Is 798469 composite?
True
Is 13227 prime?
False
Is 697553 a prime number?
True
Is 16183 a prime number?
True
Is 19553 a prime number?
True
Is 2070239 a composite number?
False
Is 56837 prime?
False
Is 200539 a composite number?
True
Is 106487 composite?
False
Is 7507 composite?
False
Is 887 prime?
True
Is 59065 a composite number?
True
Is 68023 a prime number?
True
Is 8746 composite?
True
Is 6947 prime?
True
Is 9601 a prime number?
True
Is 1272749 prime?
True
Is 317887 composite?
False
Is 26081 a prime number?
False
Is 340541 composite?
False
Is 153107 a prime number?
True
Is 98743 prime?
False
Is 9643 composite?
False
Is 606521 a composite number?
False
Is 7411 prime?
True
Is 250123 a prime number?
True
Is 522173 prime?
False
Is 190427 a prime number?
False
Is 168431 prime?
False
Is 499 a prime number?
True
Is 29917 a composite number?
False
Is 3147133 prime?
False
Is 45817 prime?
True
Is 196249 composite?
True
Is 306809 a prime number?
True
Is 475729 a prime number?
True
Is 81611 composite?
False
Is 29377 a prime number?
False
Is 33097 a prime number?
False
Is 10211 composite?
False
Is 6145 a composite number?
True
Is 4417 a prime number?
False
Is 37307 prime?
True
Is 54037 a composite number?
False
Is 12739 prime?
True
Is 117767 a prime number?
False
Is 202381 a prime number?
True
Is 946621 prime?
False
Is 11411 a prime number?
True
Is 34517 prime?
False
Is 38299 a prime number?
True
Is 4861 a prime number?
True
Is 860245 a prime number?
False
Is 6599 composite?
False
Is 45707 a prime number?
True
Is 6389 prime?
True
Is 291419 composite?
False
Is 821801 a prime number?
True
Is 23917 prime?
True
Is 8999 prime?
True
Is 2519 a composite number?
True
Is 37 prime?
True
Is 38401 a prime number?
False
Is 662 a composite number?
True
Is 16079 composite?
True
Is 46465 a prime number?
False
Is 6241 a prime number?
False
Is 371663 prime?
True
Is 50639 a composite number?
True
Is 94687 prime?
True
Is 206963 a composite number?
True
Is 208379 prime?
True
Is 162001 a composite number?
True
Is 153557 composite?
False
Is 11027 a composite number?
False
Is 17701 prime?
False
Is 30983 composite?
False
Is 168865 a composite number?
True
Is 253 a prime number?
False
Is 81734 composite?
True
Is 11579 composite?
False
Is 100459 a prime number?
True
Is 134167 a prime number?
False
Is 424943 a prime number?
False
Is 5969 a prime number?
False
Is 109807 composite?
False
Is 1496929 a prime number?
False
Is 1759 a composite number?
False
Is 480287 a prime number?
True
Is 23893 c